 factors of 8557?
43, 199
What are the prime factors of 89403?
3, 17, 1753
List the prime factors of 17902.
2, 8951
What are the prime factors of 40240?
2, 5, 503
What are the prime factors of 45312?
2, 3, 59
What are the prime factors of 3819?
3, 19, 67
What are the prime factors of 2909?
2909
What are the prime factors of 6178?
2, 3089
What are the prime factors of 8196?
2, 3, 683
What are the prime factors of 22448?
2, 23, 61
List the prime factors of 44596.
2, 11149
List the prime factors of 3267.
3, 11
What are the prime factors of 11503?
11503
List the prime factors of 23584.
2, 11, 67
What are the prime factors of 617?
617
List the prime factors of 1509.
3, 503
List the prime factors of 47243.
7, 17, 397
List the prime factors of 2197.
13
What are the prime factors of 13443?
3, 4481
What are the prime factors of 45854?
2, 101, 227
What are the prime factors of 1750?
2, 5, 7
List the prime factors of 2635.
5, 17, 31
What are the prime factors of 5798?
2, 13, 223
List the prime factors of 2559.
3, 853
List the prime factors of 783.
3, 29
What are the prime factors of 37327?
163, 229
List the prime factors of 2901.
3, 967
List the prime factors of 419.
419
List the prime factors of 12039.
3, 4013
What are the prime factors of 235?
5, 47
What are the prime factors of 81987?
3, 27329
What are the prime factors of 8281?
7, 13
List the prime factors of 34761.
3, 11587
List the prime factors of 102789.
3, 47
List the prime factors of 1062.
2, 3, 59
What are the prime factors of 473?
11, 43
List the prime factors of 4246.
2, 11, 193
What are the prime factors of 94338?
2, 3, 1747
What are the prime factors of 155082?
2, 3, 25847
List the prime factors of 78888.
2, 3, 19, 173
List the prime factors of 9804.
2, 3, 19, 43
List the prime factors of 8568.
2, 3, 7, 17
List the prime factors of 1093.
1093
What are the prime factors of 492?
2, 3, 41
List the prime factors of 790.
2, 5, 79
List the prime factors of 4174.
2, 2087
List the prime factors of 673.
673
What are the prime factors of 21174?
2, 3, 3529
List the prime factors of 155.
5, 31
List the prime factors of 314.
2, 157
List the prime factors of 861.
3, 7, 41
List the prime factors of 1826.
2, 11, 83
What are the prime factors of 5182?
2, 2591
List the prime factors of 22185.
3, 5, 17, 29
List the prime factors of 2070.
2, 3, 5, 23
What are the prime factors of 150296?
2, 18787
List the prime factors of 1846.
2, 13, 71
What are the prime factors of 1168?
2, 73
List the prime factors of 234.
2, 3, 13
What are the prime factors of 6699?
3, 7, 11, 29
What are the prime factors of 2006?
2, 17, 59
What are the prime factors of 921?
3, 307
List the prime factors of 4615.
5, 13, 71
List the prime factors of 652.
2, 163
List the prime factors of 472.
2, 59
List the prime factors of 8001.
3, 7, 127
What are the prime factors of 23062?
2, 13, 887
What are the prime factors of 1223?
1223
List the prime factors of 26941.
29, 929
List the prime factors of 559.
13, 43
List the prime factors of 4198.
2, 2099
List the prime factors of 122244.
2, 3, 61, 167
What are the prime factors of 290?
2, 5, 29
List the prime factors of 1680.
2, 3, 5, 7
What are the prime factors of 28967?
83, 349
List the prime factors of 38275.
5, 1531
What are the prime factors of 5402?
2, 37, 73
What are the prime factors of 18529?
7, 2647
What are the prime factors of 42750?
2, 3, 5, 19
What are the prime factors of 11814?
2, 3, 11, 179
List the prime factors of 3012.
2, 3, 251
What are the prime factors of 30768?
2, 3, 641
What are the prime factors of 8329?
8329
What are the prime factors of 20499?
3, 6833
What are the prime factors of 8718?
2, 3, 1453
List the prime factors of 33678.
2, 3, 1871
List the prime factors of 12375.
3, 5, 11
What are the prime factors of 56835?
3, 5, 421
List the prime factors of 1397.
11, 127
What are the prime factors of 1290?
2, 3, 5, 43
List the prime factors of 81337.
163, 499
List the prime factors of 4559.
47, 97
What are the prime factors of 826?
2, 7, 59
List the prime factors of 12294.
2, 3, 683
What are the prime factors of 2080?
2, 5, 13
What are the prime factors of 80333?
11, 67, 109
What are the prime factors of 12733?
7, 17, 107
List the prime factors of 23308.
2, 5827
List the prime factors of 10284.
2, 3, 857
List the prime factors of 49711.
49711
List the prime factors of 6633.
3, 11, 67
List the prime factors of 86241.
3, 17, 19, 89
What are the prime factors of 31253?
31253
List the prime factors of 4876.
2, 23, 53
What are the prime factors of 930?
2, 3, 5, 31
What are the prime factors of 244?
2, 61
What are the prime factors of 22589?
7, 461
List the prime factors of 785.
5, 157
List the prime factors of 5869.
5869
List the prime factors of 7205.
5, 11, 131
List the prime factors of 2444.
2, 13, 47
What are the prime factors of 2697?
3, 29, 31
List the prime factors of 8775.
3, 5, 13
What are the prime factors of 846?
2, 3, 47
List the prime factors of 63.
3, 7
List the prime factors of 167500.
2, 5, 67
What are the prime factors of 61069?
173, 353
What are the prime factors of 1237?
1237
List the prime factors of 148375.
5, 1187
What are the prime factors of 59862?
2, 3, 11, 907
List the prime factors of 1410.
2, 3, 5, 47
What are the prime factors of 15104?
2, 59
What are the prime factors of 33170?
2, 5, 31, 107
List the prime factors of 180.
2, 3, 5
List the prime factors of 10698.
2, 3, 1783
What are the prime factors of 104881?
7, 14983
What are the prime factors of 1115?
5, 223
What are the prime factors of 19765?
5, 59, 67
List the prime factors of 897.
3, 13, 23
List the prime factors of 2151.
3, 239
What are the prime factors of 1277?
1277
What are the prime factors of 1523?
1523
What are the prime factors of 19447?
19447
List the prime factors of 1397.
11, 127
What are the prime factors of 17943?
3, 5981
List the prime factors of 89718.
2, 3, 19, 787
What are the prime factors of 14250?
2, 3, 5, 19
List the prime factors of 12951.
3, 1439
List the prime factors of 968.
2, 11
What are the prime factors of 397?
397
What are the prime factors of 17625?
3, 5, 47
What are the prime factors of 35250?
2, 3, 5, 47
What are the prime factors of 6089?
6089
List the prime factors of 18785.
5, 13, 17
What are the prime factors of 47460?
2, 3, 5, 7, 113
What are the prime factors of 77714?
2, 7, 13, 61
What are the prime factors of 2506?
2, 7, 179
List the prime factors of 16771.
31, 541
What are the prime factors of 4366?
2, 37, 59
What are the prime factors of 2182?
2, 1091
List the prime factors of 12629.
73, 173
What are the prime factors of 1928?
2, 241
List the prime factors of 9245.
5, 43
List the prime factors of 620.
2, 5, 31
List the prime factors of 1712.
2, 107
List the prime factors of 301.
7, 43
What are the prime factors of 24525?
3, 5, 109
What are the prime factors of 5693?
5693
What are the prime factors of 2550?
2, 3, 5, 17
What are the prime factors of 35066?
2, 89, 197
What are the prime factors of 522?
2, 3, 29
List the prime factors of 30719.
13, 17, 139
List the prime factors of 83596.
2, 20899
List the prime factors of 2236.
2, 13, 43
What are the prime factors of 16517?
83, 199
What are the prime factors of 100679?
83, 1213
What are the prime factors of 5365?
5, 29, 37
List the prime factors of 4206.
2, 3, 701
List the prime factors of 27420.
2, 3, 5, 457
List the prime factors of 1280.
2, 5
List the prime factors of 12894.
2, 3, 7, 307
What are the prime factors of 7100?
2, 5, 71
List the prime factors of 191.
191
List the prime factors of 8158.
2, 4079
List the prime factors of 9761.
43, 227
What are the prime factors of 21601?
21601
List the prime factors of 2531.
2531
What are the prime factors of 476?
2, 7, 17
What are the prime factors of 1081?
23, 47
List the prime factors of 2274.
2, 3, 379
List the prime factors of 58450.
2, 5, 7, 167
List the prime factors of 39159.
3, 19, 229
List the prime factors of 90.
2, 3, 5
List the prime factors of 663.
3, 13, 17
List the prime factors of 182999.
182999
List the prime factors of 17330.
2, 5, 1733
What are the prime factors of 34348?
2, 31, 277
List the prime factors of 1531.
1531
List the prime factors of 19837.
83, 239
What are the prime factors of 102476?
2, 11, 17, 137
List the prime factors o